e the prime factors of 494927659?
29, 97, 6067
List the prime factors of 169564668.
2, 3, 7, 13, 31, 5009
List the prime factors of 203138457.
3, 17, 557, 7151
List the prime factors of 4781944.
2, 43, 13901
What are the prime factors of 225237405?
3, 5, 15015827
What are the prime factors of 24605080?
2, 5, 67, 9181
What are the prime factors of 53489369?
29, 461, 4001
What are the prime factors of 2441859992?
2, 11, 13, 37, 57689
What are the prime factors of 7139494123?
41, 174134003
What are the prime factors of 836214813?
3, 7, 157, 28181
List the prime factors of 2837996567.
7, 405428081
List the prime factors of 453859627.
13, 41, 851519
What are the prime factors of 566960151?
3, 107, 1766231
What are the prime factors of 1396567393?
13, 19, 167, 33857
What are the prime factors of 4634288959?
4634288959
What are the prime factors of 2306262561?
3, 1613, 476599
List the prime factors of 53594671.
13, 4122667
List the prime factors of 505887858.
2, 3, 7, 573569
List the prime factors of 102801132.
2, 3, 7, 43, 53, 179
List the prime factors of 145904113.
433, 336961
What are the prime factors of 56060959?
23, 101, 24133
List the prime factors of 99199704.
2, 3, 47, 87943
List the prime factors of 2241822415.
5, 7, 37, 43, 127, 317
What are the prime factors of 646191401?
43, 73, 139, 1481
What are the prime factors of 5723132574?
2, 3, 953855429
What are the prime factors of 292931112?
2, 3, 12205463
What are the prime factors of 1042904835?
3, 5, 7, 1103603
What are the prime factors of 188086706?
2, 94043353
What are the prime factors of 1030828122?
2, 3, 23, 2489923
List the prime factors of 1430532451.
547, 2615233
What are the prime factors of 50337170?
2, 5, 13, 17, 22777
List the prime factors of 520501262.
2, 7841, 33191
What are the prime factors of 137760071?
389, 354139
What are the prime factors of 3287136648?
2, 3, 19, 83, 86851
What are the prime factors of 3144573549?
3, 13, 19, 471521
List the prime factors of 161920977.
3, 67, 113, 7129
List the prime factors of 1329325174.
2, 199, 1223, 2731
What are the prime factors of 2699293522?
2, 431, 3131431
List the prime factors of 43578013.
229, 190297
List the prime factors of 440677136.
2, 59, 466819
What are the prime factors of 3077343365?
5, 615468673
List the prime factors of 63119692.
2, 2657, 5939
List the prime factors of 1920997429.
13, 31, 107, 44549
What are the prime factors of 109520923?
31, 3532933
What are the prime factors of 416114656?
2, 181, 71843
List the prime factors of 904738747.
11, 82248977
List the prime factors of 660959583.
3, 61, 79, 131, 349
List the prime factors of 56576923.
13, 1663, 2617
List the prime factors of 15103413.
3, 13, 129089
List the prime factors of 28388516.
2, 13, 545933
List the prime factors of 28016764.
2, 7004191
List the prime factors of 58190960.
2, 5, 139, 5233
What are the prime factors of 508741679?
191, 2663569
List the prime factors of 77175878.
2, 13, 228331
What are the prime factors of 80412294?
2, 3, 19, 643, 1097
What are the prime factors of 1990829357?
11, 67, 2701261
List the prime factors of 1237971647.
11, 3119, 36083
List the prime factors of 1600658340.
2, 3, 5, 31, 860569
List the prime factors of 2972299685.
5, 31, 2549, 7523
What are the prime factors of 22779968?
2, 355937
What are the prime factors of 670798188?
2, 3, 29, 642527
What are the prime factors of 1629698047?
17, 95864591
What are the prime factors of 556344298?
2, 293, 593, 1601
List the prime factors of 38130965.
5, 1459, 5227
List the prime factors of 691562692.
2, 1019, 169667
List the prime factors of 54198619.
43, 467, 2699
What are the prime factors of 117485244?
2, 3, 229, 14251
What are the prime factors of 113038172?
2, 13, 29, 74959
What are the prime factors of 4877070440?
2, 5, 11, 11084251
What are the prime factors of 18997793?
23, 825991
What are the prime factors of 3713523396?
2, 3, 11, 313, 8171
List the prime factors of 1644057966.
2, 3, 29, 71, 73, 1823
List the prime factors of 398636938.
2, 7, 179, 159073
List the prime factors of 111260699.
11, 17, 594977
List the prime factors of 3674878678.
2, 17, 1471, 73477
List the prime factors of 741185534.
2, 23, 16112729
List the prime factors of 554612704.
2, 29, 597643
What are the prime factors of 41960501?
11, 541, 641
List the prime factors of 2530595256.
2, 3, 7, 19, 792793
What are the prime factors of 39122999?
39122999
List the prime factors of 2166792322.
2, 53, 20441437
List the prime factors of 3150374360.
2, 5, 7, 43, 233, 1123
List the prime factors of 292124829.
3, 19, 5124997
What are the prime factors of 1757205?
3, 5, 17, 2297
List the prime factors of 120488301.
3, 29, 179, 2579
List the prime factors of 2215982188.
2, 7, 239, 269, 1231
List the prime factors of 203919515.
5, 40783903
List the prime factors of 45801260.
2, 5, 31, 2383
List the prime factors of 157243183.
17, 19, 486821
List the prime factors of 285799412.
2, 191, 374083
List the prime factors of 43108083.
3, 109, 43943
List the prime factors of 293647651.
11, 37, 547, 1319
List the prime factors of 543130776.
2, 3, 863, 8741
List the prime factors of 2037901661.
487, 4184603
What are the prime factors of 367627364?
2, 13, 2143, 3299
List the prime factors of 151045761.
3, 23, 827, 2647
List the prime factors of 1108611364.
2, 7, 673, 58831
List the prime factors of 65107910.
2, 5, 7, 930113
List the prime factors of 717298005.
3, 5, 47819867
What are the prime factors of 46979443?
7, 101, 66449
What are the prime factors of 69803198?
2, 179, 194981
What are the prime factors of 222384625?
5, 97, 18341
List the prime factors of 81905049.
3, 9100561
What are the prime factors of 131454386?
2, 7, 1049, 8951
What are the prime factors of 37990212?
2, 3, 13, 243527
What are the prime factors of 103921640?
2, 5, 19, 136739
What are the prime factors of 53678956?
2, 1429, 9391
List the prime factors of 28412586.
2, 3, 526159
List the prime factors of 2089128522.
2, 3, 13, 59, 453961
What are the prime factors of 9563303111?
41243, 231877
What are the prime factors of 186247899?
3, 19, 37, 29437
What are the prime factors of 106849685?
5, 21369937
What are the prime factors of 772896494?
2, 41, 9425567
List the prime factors of 23185204.
2, 7, 828043
What are the prime factors of 119586002?
2, 59793001
What are the prime factors of 138184645?
5, 27636929
List the prime factors of 1424554720.
2, 5, 239, 37253
What are the prime factors of 75992089?
53, 1433813
List the prime factors of 1674897629.
199, 2683, 3137
List the prime factors of 174736520.
2, 5, 7, 23, 43, 631
List the prime factors of 805573108.
2, 313, 643429
List the prime factors of 2284494010.
2, 5, 2683, 85147
List the prime factors of 19301640.
2, 3, 5, 239, 673
List the prime factors of 995827233.
3, 331942411
List the prime factors of 71697441.
3, 653, 36599
What are the prime factors of 155270178?
2, 3, 7, 53, 23251
What are the prime factors of 60725911?
23, 263, 10039
List the prime factors of 140766606.
2, 3, 43, 60623
List the prime factors of 403054010.
2, 5, 40305401
What are the prime factors of 7215350577?
3, 787, 3056057
What are the prime factors of 30928648?
2, 3866081
What are the prime factors of 86903523?
3, 7, 153269
What are the prime factors of 117086833?
29, 37, 109121
What are the prime factors of 185922185?
5, 2203, 16879
What are the prime factors of 86503679?
83, 463, 2251
What are the prime factors of 403486174?
2, 7, 13, 2216957
List the prime factors of 1680397441.
1680397441
List the prime factors of 54996828.
2, 3, 43, 53, 2011
What are the prime factors of 2137498565?
5, 359, 1190807
List the prime factors of 46142694.
2, 3, 13, 31, 6361
What are the prime factors of 2522665216?
2, 47, 71, 2953
List the prime factors of 157636374.
2, 3, 7, 647, 5801
List the prime factors of 3344539333.
3344539333
What are the prime factors of 277703964?
2, 3, 61, 14051
List the prime factors of 613510616.
2, 37, 53, 39107
What are the prime factors of 2482538713?
17, 146031689
List the prime factors of 117954296.
2, 17, 727, 1193
List the prime factors of 888755439.
3, 11, 13, 607, 3413
What are the prime factors of 3701766247?
3701766247
List the prime factors of 19327837.
19327837
List the prime factors of 5